ainder when s is divided by 11?
3
Let v be ((-117)/(-18) - 7)*0. Suppose -5*y - 267 + 387 = v. What is the remainder when y is divided by 7?
3
Suppose -28*m = -9*m - 228. Suppose m*i + 6 - 90 = 0. What is the remainder when 18 is divided by i?
4
Let w = 4486 - 4452. Calculate the remainder when 120 is divided by w.
18
Let s be (5/(-3))/(100/(-4680)). Suppose 2*x - 2*i = 76, -3*x + 18 = 3*i - s. Calculate the remainder when 136 is divided by x.
31
Calculate the remainder when (3220/(-6))/(-2) - (-360)/540 is divided by 15.
14
Let k = 3410 + -3400. What is the remainder when 159 is divided by k?
9
Let o be 0 + (1 - 3) + 4. Suppose 5*n - 18 - o = 0. Suppose 4*h + 260 = n*s - h, 3*s = -2*h + 195. Calculate the remainder when s is divided by 11.
10
Suppose 0 = b - 15 - 46. Let q = -723 + 761. What is the remainder when b is divided by q?
23
Suppose -459*f = -119*f - 62618 - 119962. Calculate the remainder when f is divided by 248.
41
Suppose 6*m - 45 = m. Let q(r) = -5*r - 17. Let j be q(-5). Suppose -5*t = -j*t + 105. What is the remainder when t is divided by m?
8
Let w = 7265 + -1886. Calculate the remainder when w is divided by 46.
43
Let x(j) = 27*j**2 - 34*j - 36. Let u be x(-1). Suppose -25*t + u = -20*t. Calculate the remainder when 14 is divided by t.
4
Suppose 0 = z + 10 + 41. Let f = -51 - z. Suppose f = -7*d - 40 + 138. What is the remainder when 26 is divided by d?
12
Let m = 8121 + 2742. Calculate the remainder when m is divided by 97.
96
Let r(w) = 2*w**3 - 84*w**2 + 2*w + 82. What is the remainder when 1988 is divided by r(42)?
162
Let j(p) = 0*p**2 + 24*p - 11*p**2 - 11 + 2 + 6*p**3 + 2. Calculate the remainder when j(4) is divided by 101.
95
Suppose -55 = -j - 46. Suppose 0 = 4*d + x - 78, d - j = 4*x + 2. Calculate the remainder when 74 is divided by d.
17
Suppose 799*d - 801*d + 8 = 0. Let g be ((-30)/20)/(2/(-4)). Suppose h - g*h = -14. What is the remainder when h is divided by d?
3
Suppose 9*n = 5*n + 12. Let w = -74 - -83. What is the remainder when (-12 + w)*(-1 + (2 - 3)) is divided by n?
0
Suppose -m - 2*m = -6. Suppose 733 - 4437 = 8*c. Let k = 471 + c. Calculate the remainder when k is divided by m.
0
Let t(r) = -87*r + 1198. Calculate the remainder when t(-30) is divided by 21.
7
Suppose -1 - 11 = -6*g. Let h(y) = 5*y + 6. Let u be h(-2). Calculate the remainder when (4/(-1 - 3))/(1/u) is divided by g.
0
Let a(m) = -2*m**2 - 116*m - 605. What is the remainder when 22 is divided by a(-52)?
3
Let u(j) = j**2 - 7*j - 30. Let y be u(10). Calculate the remainder when -80*((-8)/10 + y) is divided by 17.
13
Let o be 0/((-7)/((-21)/6)) - 5. Calculate the remainder when (-2 - o) + -1 + 33 is divided by 19.
16
Let k = -156 - -160. Suppose -4*m - 15*x + 26 = -20*x, 3*m + k*x - 35 = 0. What is the remainder when 69 is divided by m?
6
Calculate the remainder when -7*(-7 + 5 + -1) is divided by 244/1342 - (-97)/11.
3
Suppose 5*o = 5*j + 2780, 0 = -24*o + 23*o + 5*j + 572. Let a = o - 525. Let w = -107 - -180. Calculate the remainder when w is divided by a.
19
Let y(v) = -v**3 + 5*v**2 + 5*v - 26. Let t be y(5). Calculate the remainder when 62 is divided by (6 - 40 - 0)*t.
28
Suppose -139*h = -31*h. Suppose h = -4*l + 3*f + 51, l + 6*f + 6 = 3*f. Suppose 7*d - 3*d - 284 = 0. What is the remainder when d is divided by l?
8
Let n(c) = -c**3 + 20*c**2 - 37*c + 21. Let u be n(17). Let p = 451 - u. What is the remainder when p is divided by 15?
12
Let y = 1248 + -1185. Suppose 2*u + 98 - 114 = 0. What is the remainder when y is divided by u?
7
Let f(l) = -30*l - 1. Let n be f(1). Let j = -158 + 108. Let w = n - j. What is the remainder when 72 is divided by w?
15
What is the remainder when 135 is divided by 24/((-24)/2) + (-20)/(-6)*9?
23
Suppose -67 = -3*j - 5*k, -31*j + 28*j = -2*k - 74. What is the remainder when 5158 is divided by j?
22
Let u = -1088 - -1102. Suppose -4*p + 232 = -4*i, -4*p = 7 + 5. Let t = i - -101. What is the remainder when t is divided by u?
12
Suppose -4*t = -t + 2*a - 15, -5*a = 5*t - 20. Let z(n) = -n**2 - 6*n + 5. Suppose 9*u + 12 = -33. Calculate the remainder when z(u) is divided by t.
3
Let h(d) = 2*d**2 + 26*d + 35. What is the remainder when h(-16) is divided by 22?
21
Suppose 0 = -a + 7*a + 276. Let u = a + 57. Calculate the remainder when 20 is divided by u/(-22) + 22/4.
0
Suppose 6271 - 3909 + 6988 = 50*p. Calculate the remainder when p is divided by 101.
86
Let m(n) = -n**3 - 5*n**2 + 2*n - 13. Let u(s) = 6*s. Suppose -6 = -7*c + 5*c. What is the remainder when m(-7) is divided by u(c)?
17
Let o(p) = -19*p - 41. Let k(t) = 2*t**2 - 9*t + 12. What is the remainder when k(6) is divided by o(-3)?
14
Suppose 54*f + 53 - 1393 = -13*f. Let i = 80 - 48. Calculate the remainder when i is divided by f.
12
Let j = 7 + 2. Calculate the remainder when (-1372)/(-26) - (-135)/585 is divided by j.
8
Let s(a) = a**3 - 9*a**2 + 2*a - 3. Let m be 27/12*(5 + -1). Suppose -o = -4*d + 89, 3*d - 5*d - 5*o = -39. Calculate the remainder when d is divided by s(m).
7
Let z = 21 - 22. Let b be ((-8)/(-24))/(z/(-15)). Suppose b*o - 15 = 0, 3*o = a + a - 45. What is the remainder when a is divided by 14?
13
Let i = -3138 - -3358. Calculate the remainder when i is divided by -2 - 4/(8/(-42)).
11
Let o(p) = p**3 - 16*p**2 + 5*p + 79. What is the remainder when o(28) is divided by 112?
107
Let v = -1 - -67. Suppose 4*c - 5*q = -4*q + 71, 4*c - 2*q - v = 0. What is the remainder when 34 is divided by c?
15
Suppose 0 = 9*w - 138 - 114. What is the remainder when 285 is divided by w/238 - (-1830)/51?
33
Let v(d) = -d**2 - d + 418. Let c(b) = b**2 + 147*b + 3863. Calculate the remainder when v(0) is divided by c(-113).
19
Suppose 2*o - 3*t - 54 = -o + 87, -80 = 4*t. Let a = 12 - 7. Suppose 0*r - 656 = -a*r - 2*j, -4*r = 5*j - 518. What is the remainder when r is divided by o?
24
Let k(m) = 6*m - 94. Let w be k(12). Let r = w + 211. What is the remainder when r is divided by 67?
55
Suppose -u + 2*k + 4 = 0, k = -2*u - k + 8. Let i = -604 + 639. Calculate the remainder when i is divided by u.
3
Let z = -9333 - -34154. What is the remainder when z is divided by 241?
239
Suppose 192 = 2*c + 5*h, 12*h - 17*h - 213 = -3*c. What is the remainder when c is divided by 34?
13
Suppose -180*y + 176*y + 44 = 4*a, 0 = 3*a + 4*y - 35. What is the remainder when 17736 is divided by a?
6
Let p = 580 - 547. What is the remainder when 88 - (-6)/6 - 6 is divided by p?
17
Suppose v - 5 = -p, 2*v - 7 = 2*p - 1. Let h(b) = -10*b**2 + 4*b + 7. Let w be h(v). Let j = -98 - w. What is the remainder when j is divided by 7?
4
Let h = -12111 - -12333. What is the remainder when 820 is divided by h?
154
Suppose -127*y + 123*y = -16. Suppose -3*c + 6 = -3, w - 54 = y*c. Calculate the remainder when 261 is divided by w.
63
Let i = -354 - -114. What is the remainder when 539 is divided by (i/(-140))/(4/70 + 0)?
29
Suppose -29*u + 27*u + r + 80 = 0, -2 = r. What is the remainder when 41/2*(7 - 5) is divided by u?
2
Let s(p) = 120*p + 1206. Calculate the remainder when s(-6) is divided by 157.
15
Let p = -3022 - -3186. What is the remainder when 496 is divided by p?
4
Suppose -151*h + 19934 + 3257 - 4467 = 0. What is the remainder when 212 is divided by h?
88
Let h be (-34)/(6*(-2)/18). Suppose -h*f = -43*f - 400. Calculate the remainder when f is divided by 43.
7
Let h(g) = 7*g**2 - 30*g + 20. Let m be h(8). Let b = m - 99. What is the remainder when b is divided by 26?
25
What is the remainder when 163 is divided by 2/3 - (-820)/30?
23
Suppose -4*p - 2*q + 81 + 227 = 0, 3*p = 4*q + 220. Suppose p*i + 140 = 83*i. Let c(l) = 3*l**2 - 3*l + 2. What is the remainder when c(-3) is divided by i?
18
Let z = 785 - 448. Let p = 545 - z. What is the remainder when p is divided by 35?
33
Let n = 50 + 5. Suppose 6*b = 5*b - 2*f + 14, 5*f + 28 = 2*b. Suppose 2*h = -m + 4*h + 8, -m = 4*h - b. What is the remainder when n is divided by m?
5
Let n(z) = 12*z**2 - 67*z + 144. What is the remainder when 113 is divided by n(2)?
55
Suppose -3*f + 2*f + 179 = 0. Suppose 133*t = -148*t - 61*t + 12312. What is the remainder when f is divided by t?
35
Let c(i) = 41*i + 1. Let l = -117596 - -117660. What is the remainder when c(3) is divided by l?
60
Let y(x) = 81*x - 4171. What is the re